{"id":1400,"date":"2025-11-20T12:14:17","date_gmt":"2025-11-20T12:14:17","guid":{"rendered":"https:\/\/dmyo.pirireis.edu.tr\/en\/?page_id=1400"},"modified":"2025-12-26T11:02:36","modified_gmt":"2025-12-26T11:02:36","slug":"logistics-program-advisory-board","status":"publish","type":"page","link":"https:\/\/dmyo.pirireis.edu.tr\/en\/programs\/logistics\/logistics-program-advisory-board\/","title":{"rendered":"Logistics Program Advisory Board"},"content":{"rendered":"<table width=\"874\">\n<tbody>\n<tr>\n<td width=\"23\"><\/td>\n<td width=\"241\">Name &amp; Surname<\/td>\n<td width=\"291\">Title<\/td>\n<td width=\"319\">Department\/ Program\/ Company Information<\/td>\n<\/tr>\n<tr>\n<td width=\"23\">1<\/td>\n<td width=\"241\">Zeki YA\u015eAR<\/td>\n<td>Dr. Lecturer<\/td>\n<td width=\"319\">Director of Maritime Vocational School<\/td>\n<\/tr>\n<tr>\n<td width=\"23\">2<\/td>\n<td width=\"241\">Emine G\u00dcNDO\u011eDU \u0130\u015e<\/td>\n<td>Asst. Prof.<\/td>\n<td width=\"319\">Deputy Director of Maritime Vocational School<\/td>\n<\/tr>\n<tr>\n<td width=\"23\">3<\/td>\n<td>Sevda DEDE<\/td>\n<td>Dr. Lecturer<\/td>\n<td width=\"319\">Head of Management and Organization Department\/Logistics Program &#8211; Coordinator<\/td>\n<\/tr>\n<tr>\n<td width=\"23\">4<\/td>\n<td width=\"241\">Ye\u015fim OCAK<\/td>\n<td>Dr. Lecturer<\/td>\n<td width=\"319\">Logistics Program &#8211; Lecturer<\/td>\n<\/tr>\n<tr>\n<td width=\"23\">5<\/td>\n<td width=\"241\">Y. Barbaros B\u00dcY\u00dcKSA\u011eNAK<\/td>\n<td>Lecturer<\/td>\n<td width=\"319\">Logistics Program &#8211; Lecturer<\/td>\n<\/tr>\n<tr>\n<td width=\"23\">6<\/td>\n<td width=\"241\">Prof. Dr. Mehmet TANYA\u015e<\/td>\n<td>Chairman of the Board<\/td>\n<td width=\"319\">Logistics Association (LODER)<\/td>\n<\/tr>\n<tr>\n<td width=\"23\">7<\/td>\n<td width=\"241\">Dr. Kay\u0131han \u00d6zdemir TURAN<\/td>\n<td>Chairman of the Board<\/td>\n<td width=\"319\">Association of Logistics Service Providers (LojiDer)<\/td>\n<\/tr>\n<tr>\n<td width=\"23\">8<\/td>\n<td width=\"241\">Dr. \u0130smail KARAKI\u015e<\/td>\n<td>Supply Chain Services Leader, Partner<\/td>\n<td width=\"319\">PwC T\u00fcrkiye<\/td>\n<\/tr>\n<tr>\n<td width=\"23\">9<\/td>\n<td width=\"241\">Erdem \u00d6ZSAL\u0130H<\/td>\n<td>Technology Director<\/td>\n<td width=\"319\">DFDS T\u00fcrkiye<\/td>\n<\/tr>\n<tr>\n<td width=\"23\">10<\/td>\n<td width=\"241\">Ceyda Nur DEM\u0130R<\/td>\n<td width=\"291\">Graduate<\/td>\n<td width=\"319\">LARA Freight\/Head of Operations<\/td>\n<\/tr>\n<\/tbody>\n<\/table>\n","protected":false},"excerpt":{"rendered":"<p>Name &amp; Surname Title Department\/ Program\/ Company Information 1 Zeki YA\u015eAR Dr. Lecturer Director of Maritime Vocational School 2 Emine G\u00dcNDO\u011eDU \u0130\u015e Asst. Prof. Deputy Director of Maritime Vocational School 3 Sevda DEDE Dr. Lecturer Head of Management and Organization Department\/Logistics Program &#8211; Coordinator 4 Ye\u015fim OCAK Dr. Lecturer Logistics Program &#8211; Lecturer 5 Y. [&hellip;]<\/p>\n","protected":false},"author":1,"featured_media":0,"parent":181,"menu_order":0,"comment_status":"closed","ping_status":"closed","template":"page-commissions-and-boards.php","meta":{"_acf_changed":false,"footnotes":""},"class_list":["post-1400","page","type-page","status-publish","hentry"],"acf":[],"_links":{"self":[{"href":"https:\/\/dmyo.pirireis.edu.tr\/en\/wp-json\/wp\/v2\/pages\/1400","targetHints":{"allow":["GET"]}}],"collection":[{"href":"https:\/\/dmyo.pirireis.edu.tr\/en\/wp-json\/wp\/v2\/pages"}],"about":[{"href":"https:\/\/dmyo.pirireis.edu.tr\/en\/wp-json\/wp\/v2\/types\/page"}],"author":[{"embeddable":true,"href":"https:\/\/dmyo.pirireis.edu.tr\/en\/wp-json\/wp\/v2\/users\/1"}],"replies":[{"embeddable":true,"href":"https:\/\/dmyo.pirireis.edu.tr\/en\/wp-json\/wp\/v2\/comments?post=1400"}],"version-history":[{"count":3,"href":"https:\/\/dmyo.pirireis.edu.tr\/en\/wp-json\/wp\/v2\/pages\/1400\/revisions"}],"predecessor-version":[{"id":1580,"href":"https:\/\/dmyo.pirireis.edu.tr\/en\/wp-json\/wp\/v2\/pages\/1400\/revisions\/1580"}],"up":[{"embeddable":true,"href":"https:\/\/dmyo.pirireis.edu.tr\/en\/wp-json\/wp\/v2\/pages\/181"}],"wp:attachment":[{"href":"https:\/\/dmyo.pirireis.edu.tr\/en\/wp-json\/wp\/v2\/media?parent=1400"}],"curies":[{"name":"wp","href":"https:\/\/api.w.org\/{rel}","templated":true}]}}

<table width="874">
<tbody>
<tr>
<td width="23"></td>
<td width="241">Name &amp; Surname</td>
<td width="291">Title</td>
<td width="319">Department/ Program/ Company Information</td>
</tr>
<tr>
<td width="23">1</td>
<td width="241">Zeki YAŞAR</td>
<td>Dr. Lecturer</td>
<td width="319">Director of Maritime Vocational School</td>
</tr>
<tr>
<td width="23">2</td>
<td width="241">Emine GÜNDOĞDU İŞ</td>
<td>Asst. Prof.</td>
<td width="319">Deputy Director of Maritime Vocational School</td>
</tr>
<tr>
<td width="23">3</td>
<td>Sevda DEDE</td>
<td>Dr. Lecturer</td>
<td width="319">Head of Management and Organization Department/Logistics Program &#8211; Coordinator</td>
</tr>
<tr>
<td width="23">4</td>
<td width="241">Yeşim OCAK</td>
<td>Dr. Lecturer</td>
<td width="319">Logistics Program &#8211; Lecturer</td>
</tr>
<tr>
<td width="23">5</td>
<td width="241">Y. Barbaros BÜYÜKSAĞNAK</td>
<td>Lecturer</td>
<td width="319">Logistics Program &#8211; Lecturer</td>
</tr>
<tr>
<td width="23">6</td>
<td width="241">Prof. Dr. Mehmet TANYAŞ</td>
<td>Chairman of the Board</td>
<td width="319">Logistics Association (LODER)</td>
</tr>
<tr>
<td width="23">7</td>
<td width="241">Dr. Kayıhan Özdemir TURAN</td>
<td>Chairman of the Board</td>
<td width="319">Association of Logistics Service Providers (LojiDer)</td>
</tr>
<tr>
<td width="23">8</td>
<td width="241">Dr. İsmail KARAKIŞ</td>
<td>Supply Chain Services Leader, Partner</td>
<td width="319">PwC Türkiye</td>
</tr>
<tr>
<td width="23">9</td>
<td width="241">Erdem ÖZSALİH</td>
<td>Technology Director</td>
<td width="319">DFDS Türkiye</td>
</tr>
<tr>
<td width="23">10</td>
<td width="241">Ceyda Nur DEMİR</td>
<td width="291">Graduate</td>
<td width="319">LARA Freight/Head of Operations</td>
</tr>
</tbody>
</table>

<p>Name &amp; Surname Title Department/ Program/ Company Information 1 Zeki YAŞAR Dr. Lecturer Director of Maritime Vocational School 2 Emine GÜNDOĞDU İŞ Asst. Prof. Deputy Director of Maritime Vocational School 3 Sevda DEDE Dr. Lecturer Head of Management and Organization Department/Logistics Program &#8211; Coordinator 4 Yeşim OCAK Dr. Lecturer Logistics Program &#8211; Lecturer 5 Y. [&hellip;]</p>
